{"id":2213,"date":"2023-08-22T13:41:15","date_gmt":"2023-08-22T13:41:15","guid":{"rendered":"http:\/\/aktionleben-tirol.org\/?page_id=2213"},"modified":"2024-06-13T08:51:33","modified_gmt":"2024-06-13T08:51:33","slug":"leben-leben-lassen","status":"publish","type":"page","link":"https:\/\/aktionleben-tirol.org\/index.php\/leben-leben-lassen\/","title":{"rendered":"Leben leben lassen"},"content":{"rendered":"<h2>40 Jahre Jubil\u00e4um \u201eLeben leben lassen\u201c<\/h2>\n<h2>mit dem kurzweiligen Vortrag &#8222;Lebensfreundliche Arbeitswelt \u2013 Verantwortung von Unternehmen f\u00fcr Familien&#8220; von Univ.-Prof. Dr. Wolfgang Mazal im MCI Innsbruck, moderiert von FH-Prof. Dr. Siegfried Walch und dem anschlie\u00dfenden Festakt im Di\u00f6zesanhaus<br \/>\n<\/h2>\n<p>\u201eMit Kindern in die Zukunft gehen, das fordert uns auf, zu begreifen und vor allem unser Handeln entsprechend zu \u00e4ndern, dass erst Kinder Zukunft er\u00f6ffnen\u201c schrieb Bischof Manfred Scheuer in seiner Gru\u00dfbotschaft. \u201eIch bin dankbar f\u00fcr die\u00a0<em>aktion leben<\/em>\u00a0in Tirol, die sich f\u00fcr die Einzigartigkeit jedes menschlichen Lebens einsetzt. Ein Vergelt\u00b4s Gott den Menschen die dem Leben trauen und so Zeugnis von \u00b4anderen\u00b4, von lebensbejahenden Wegen gehen\u201c.<\/p>\n<p>\u201eWir m\u00fcssen offen sein f\u00fcr das Leben in all seiner Unplanbarkeit und in all seiner Sch\u00f6nheit. F\u00fcr mich ist das Leben schrecklich-sch\u00f6n. Wenn wir einander H\u00e4nde sind, wenn wir uns gegenseitig Mut machen und mit gutem Beispiel vorangehen, dann mache ich mir \u2013 trotz aller Missst\u00e4nde &#8211; keine Sorgen um die Zukunft des Lebens und der Familien\u201c, so Univ.-Prof. Mazal, er ist der Leiter des \u00d6sterreichischen Institutes f\u00fcr Familienforschung.<\/p>\n<p>\t\t\t\t\t\t\t\t\t\t\t\t\t\t\t<img loading=\"lazy\" decoding=\"async\" width=\"640\" height=\"430\" src=\"http:\/\/localhost\/Aktion\/wp-content\/uploads\/2023\/08\/Gruppenfoto-40-Jahre-akl_web14-2.jpg\" alt=\"\" srcset=\"http:\/\/localhost\/Aktion\/wp-content\/uploads\/2023\/08\/Gruppenfoto-40-Jahre-akl_web14-2.jpg 640w, http:\/\/localhost\/Aktion\/wp-content\/uploads\/2023\/08\/Gruppenfoto-40-Jahre-akl_web14-2-480x323.jpg 480w\" sizes=\"auto, (max-width: 640px) 100vw, 640px\" \/>\t\t\t\t\t\t\t\t\t\t\t\t\t\t\t<\/p>\n<p>Dr. Johann Hager vermittelte einen \u00dcberblick \u00fcber die Geschichte des Vereins:<br \/>Von der Vereinsgr\u00fcndung 1975 anl\u00e4sslich der Einf\u00fchrung der sog. \u201eFristenregelung&#8220; bei Schwangerschaftsabbr\u00fcchen, \u00fcber Jahre mit \u00fcberwiegend politischer T\u00e4tigkeit und Bildungsarbeit bis hin zum Ausbau von Beratung in Konfliktschwangerschaften und Unterst\u00fctzung f\u00fcr Familien in Not.<br \/>aktion leben versteht sich als ethische Stimme in einer s\u00e4kularen technikgl\u00e4ubigen Welt, was sich auch beim gro\u00dfen Einsatz des Vereins anl\u00e4sslich der Novelle des Fortpflanzungsmedizingesetzes 2015 \u00e4u\u00dferte.<\/p>\n<p><\/p>\n<p>Am Festakt nahmen zahlreiche Repr\u00e4sentantinnen und Repr\u00e4sentanten der Di\u00f6zese Innsbruck, des Landes Tirol und der Stadt Innsbruck teil. Auch die Generalsekret\u00e4rin der&nbsp;<em>aktion leben \u00f6sterreich<\/em>, Mag. Martina Kronthaler, war aus Wien angereist.<\/p>\n<p>Musikalisch umrahmt wurde der Festakt von der Musik-Mittelschule-Innsbruck, die durch ihre mitrei\u00dfenden Liedern begeisterten.<br \/>Beim anschlie\u00dfenden Buffet gab es gen\u00fcgend Gelegenheit zum Gedankenaustausch.<\/p>\n<p><\/p>\n<p>Ohne&nbsp;<strong>Sponsoren und Unterst\u00fctzung<\/strong>&nbsp;w\u00e4re diese Veranstaltung nicht m\u00f6glich gewesen. Unser besonderer Dank gilt:<br \/>MCI Managmentcenter Innsbruck, Univ.-Prof. Dr. Wolfgang Mazal, Bauernbuffet Nagl, Innsbrucker Kommunalbetriebe, Tiroler Versicherung, Stadt Innsbruck, Land Tirol, Di\u00f6zese Innsbruck, BigDetail<\/p>\n<p>\t\t\t<a href=\"http:\/\/localhost\/Aktion\/jubilaum-40-jahre-aktion-leben-tirol\/\"><br \/>\n\t\t\t\t\t\tzu den Fotos<br \/>\n\t\t\t\t\t<\/a><br \/>\n\t\t\t\t\t\t\t\t\t\t\t\t\t\t\t<img loading=\"lazy\" decoding=\"async\" width=\"500\" height=\"300\" src=\"http:\/\/localhost\/Aktion\/wp-content\/uploads\/2023\/08\/dr_wolfgang_mazal_pfluegl-500x300-1.jpg\" alt=\"\" srcset=\"http:\/\/localhost\/Aktion\/wp-content\/uploads\/2023\/08\/dr_wolfgang_mazal_pfluegl-500x300-1.jpg 500w, http:\/\/localhost\/Aktion\/wp-content\/uploads\/2023\/08\/dr_wolfgang_mazal_pfluegl-500x300-1-480x288.jpg 480w\" sizes=\"auto, (max-width: 500px) 100vw, 500px\" \/><\/p>\n","protected":false},"excerpt":{"rendered":"<p>40 Jahre Jubil\u00e4um \u201eLeben leben lassen\u201c mit dem kurzweiligen Vortrag &#8222;Lebensfreundliche Arbeitswelt \u2013 Verantwortung von Unternehmen f\u00fcr Familien&#8220; von Univ.-Prof. Dr. Wolfgang Mazal im MCI Innsbruck,<span class=\"excerpt-hellip\"> [\u2026]<\/span><\/p>\n","protected":false},"author":2,"featured_media":0,"parent":0,"menu_order":0,"comment_status":"closed","ping_status":"closed","template":"","meta":{"footnotes":""},"class_list":["post-2213","page","type-page","status-publish","hentry"],"_links":{"self":[{"href":"https:\/\/aktionleben-tirol.org\/index.php\/wp-json\/wp\/v2\/pages\/2213","targetHints":{"allow":["GET"]}}],"collection":[{"href":"https:\/\/aktionleben-tirol.org\/index.php\/wp-json\/wp\/v2\/pages"}],"about":[{"href":"https:\/\/aktionleben-tirol.org\/index.php\/wp-json\/wp\/v2\/types\/page"}],"author":[{"embeddable":true,"href":"https:\/\/aktionleben-tirol.org\/index.php\/wp-json\/wp\/v2\/users\/2"}],"replies":[{"embeddable":true,"href":"https:\/\/aktionleben-tirol.org\/index.php\/wp-json\/wp\/v2\/comments?post=2213"}],"version-history":[{"count":0,"href":"https:\/\/aktionleben-tirol.org\/index.php\/wp-json\/wp\/v2\/pages\/2213\/revisions"}],"wp:attachment":[{"href":"https:\/\/aktionleben-tirol.org\/index.php\/wp-json\/wp\/v2\/media?parent=2213"}],"curies":[{"name":"wp","href":"https:\/\/api.w.org\/{rel}","templated":true}]}}